{"version":"1.0","provider_name":"BircaHang","provider_url":"https:\/\/maxval.cafeblog.hu","author_name":"maxval bircaman","author_url":"https:\/\/maxval.cafeblog.hu\/author\/maxval1967gmail-com\/","title":"A kamumegfontolt \u00e9rtelmis\u00e9gi","html":"<!-- wp:paragraph -->\n<p>Mindenfekete\u00e9letsz\u00e1m\u00edt-Gy\u0151r Andris <strong>furcsa <\/strong><a href=\"https:\/\/www.youtube.com\/watch?v=W4ejIsd-GF8\">szerepl\u00e9se<\/a> kapcs\u00e1n az az \u00e1ltal\u00e1nos v\u00e9lem\u00e9ny, hogy az illet\u0151 egy \u00f3ri\u00e1si barom.<\/p>\n<!-- \/wp:paragraph -->\n\n<!-- wp:paragraph -->\n<p>Az \u00e9n v\u00e9lem\u00e9nyem <strong>m\u00e1s<\/strong>. Szerintem Mindenfekete\u00e9letsz\u00e1m\u00edt-Gy\u0151r rendk\u00edv\u00fcli sz\u00edn\u00e9sz. Val\u00f3sz\u00edn\u0171leg a Momentumnak vannak PR-szak\u00e9rt\u0151i \u00e9s pszichol\u00f3gusai, s ezek azt mondhatt\u00e1k neki: a t\u00e9pel\u0151d\u0151, halkbesz\u00e9d\u0171, toler\u00e1ns \u00e9rtelmis\u00e9gi alkat a nyer\u0151, nem a hars\u00e1nyan gesztikul\u00e1l\u00f3 akarnok t\u00edpus, ez ut\u00f3bbinak ott van m\u00e1r ugyanis Jakab. R\u00e1ad\u00e1sul a k\u00fcls\u0151 hasonl\u00f3s\u00e1g a fiatal Orb\u00e1nnal szint\u00e9n egy ok, hogy ne vegye \u00e1t legal\u00e1bb k\u00fcls\u0151leg Orb\u00e1n hars\u00e1ny, piszk\u00e1l\u00f3d\u00f3s st\u00edlus\u00e1t.<\/p>\n<!-- \/wp:paragraph -->\n\n<!-- wp:paragraph -->\n<p>S Mindenfekete\u00e9letsz\u00e1m\u00edt-Gy\u0151r <strong>megfogadta <\/strong>a tan\u00e1csot, igyekezett minden pillanatban ezt a k\u00e9pet sug\u00e1rozni mag\u00e1r\u00f3l.<\/p>\n<!-- \/wp:paragraph -->\n\n<!-- wp:paragraph -->\n<p>Ugyanis akkora marha m\u00e9gse lehet valaki, hogy nem tudja mikor sz\u00fcletett, m\u00e1rpedig az interj\u00faban Mindenfekete\u00e9letsz\u00e1m\u00edt-Gy\u0151r m\u00e9g a saj\u00e1t \u00e9letkor\u00e1t is igyekszik \"kompromisszumos\" st\u00edlusban, m\u00e9lyen elgondolkodva, fontolgatva el\u0151adni.<\/p>\n<!-- \/wp:paragraph -->\n\n<!-- wp:paragraph -->\n<p>Persze <strong>lehet<\/strong>, hogy \u00e9n t\u00e9vedek, s Mindenfekete\u00e9letsz\u00e1m\u00edt-Gy\u0151r t\u00e9nyleg csak egy \u00e9p\u00fcletes barom.<\/p>\n<!-- \/wp:paragraph -->\n\n<!-- wp:image {\"align\":\"center\",\"id\":29755,\"sizeSlug\":\"large\"} -->\n<div class=\"wp-block-image\"><figure class=\"aligncenter size-large\"><img src=\"https:\/\/maxval.cafeblog.hu\/files\/2021\/04\/mfeszgy.png\" alt=\"\" class=\"wp-image-29755\" \/><\/figure><\/div>\n<!-- \/wp:image -->","type":"rich","thumbnail_url":null,"thumbnail_width":null,"thumbnail_height":null}

A kamumegfontolt értelmiségi

<!-- wp:paragraph -->
<p>Mindenfeketeéletszámít-Győr Andris <strong>furcsa </strong><a href="https://www.youtube.com/watch?v=W4ejIsd-GF8">szereplése</a> kapcsán az az általános vélemény, hogy az illető egy óriási barom.</p>
<!-- /wp:paragraph -->

<!-- wp:paragraph -->
<p>Az én véleményem <strong>más</strong>. Szerintem Mindenfeketeéletszámít-Győr rendkívüli színész. Valószínűleg a Momentumnak vannak PR-szakértői és pszichológusai, s ezek azt mondhatták neki: a tépelődő, halkbeszédű, toleráns értelmiségi alkat a nyerő, nem a harsányan gesztikuláló akarnok típus, ez utóbbinak ott van már ugyanis Jakab. Ráadásul a külső hasonlóság a fiatal Orbánnal szintén egy ok, hogy ne vegye át legalább külsőleg Orbán harsány, piszkálódós stílusát.</p>
<!-- /wp:paragraph -->

<!-- wp:paragraph -->
<p>S Mindenfeketeéletszámít-Győr <strong>megfogadta </strong>a tanácsot, igyekezett minden pillanatban ezt a képet sugározni magáról.</p>
<!-- /wp:paragraph -->

<!-- wp:paragraph -->
<p>Ugyanis akkora marha mégse lehet valaki, hogy nem tudja mikor született, márpedig az interjúban Mindenfeketeéletszámít-Győr még a saját életkorát is igyekszik "kompromisszumos" stílusban, mélyen elgondolkodva, fontolgatva előadni.</p>
<!-- /wp:paragraph -->

<!-- wp:paragraph -->
<p>Persze <strong>lehet</strong>, hogy én tévedek, s Mindenfeketeéletszámít-Győr tényleg csak egy épületes barom.</p>
<!-- /wp:paragraph -->

<!-- wp:image {"align":"center","id":29755,"sizeSlug":"large"} -->
<div class="wp-block-image"><figure class="aligncenter size-large"><img src="https://maxval.cafeblog.hu/files/2021/04/mfeszgy.png" alt="" class="wp-image-29755" /></figure></div>
<!-- /wp:image -->
