{"version":"1.0","provider_name":"BircaHang","provider_url":"https:\/\/maxval.cafeblog.hu","author_name":"maxval bircaman","author_url":"https:\/\/maxval.cafeblog.hu\/author\/maxval1967gmail-com\/","title":"Szupermarket","html":"<!-- wp:paragraph -->\n<p>N\u00e9metorsz\u00e1gban \u00e9s Ausztri\u00e1ban az \u00e1ruh\u00e1zak feloszlanak olcs\u00f3, <strong>diszkont <\/strong>t\u00edpus\u00fasakra \u00e9s <strong>norm\u00e1l <\/strong>kateg\u00f3ri\u00e1j\u00fakra. Az Aldi, a Lidl, s a Penny pl. mind diszkont kateg\u00f3ria. A Billa, a Kaufland meg pl. \"norm\u00e1l\".<\/p>\n<!-- \/wp:paragraph -->\n\n<!-- wp:paragraph -->\n<p>Megjegyzem: de j\u00f3, hogy a magyarban ma m\u00e1r a \"diszkont\" sz\u00f3 csak mell\u00e9kn\u00e9v. A 90-es \u00e9vek elej\u00e9n m\u00e9g <strong>f\u0151n\u00e9v <\/strong>volt, l\u00e1sd \"megyek a diszkontba\". Engem baromira <strong>ideges\u00edtett<\/strong>.<\/p>\n<!-- \/wp:paragraph -->\n\n<!-- wp:paragraph -->\n<p>Az EU legszeg\u00e9nyebb orsz\u00e1g\u00e1ban, <strong>Bulg\u00e1ri\u00e1ban <\/strong>nem l\u00e9tezik \"diszkont\" kateg\u00f3ria, ugyanis b\u00e1rmilyen \u00e1ruh\u00e1z m\u00e1r a k\u00f6z\u00e9poszt\u00e1lynak sz\u00f3l, nem a szeg\u00e9nyeknek. A szeg\u00e9nyek piacra j\u00e1rnak, kis boltokban v\u00e1s\u00e1rolnak, s csak valamilyen akci\u00f3 eset\u00e9ben mennek be \u00e1ruh\u00e1zba.<\/p>\n<!-- \/wp:paragraph -->\n\n<!-- wp:image {\"id\":28556,\"sizeSlug\":\"large\"} -->\n<figure class=\"wp-block-image size-large\"><img src=\"http:\/\/bircahang.org\/wp-content\/uploads\/2021\/03\/rlts.png\" alt=\"\" class=\"wp-image-28556\" \/><figcaption>tipikus kisbolt lak\u00f3\u00e9p\u00fclet alj\u00e1ban<\/figcaption><\/figure>\n<!-- \/wp:image -->\n\n<!-- wp:paragraph -->\n<p>Ennek egy\u00e9bk\u00e9nt <strong>pozit\u00edv <\/strong>fejlem\u00e9nye, hogy m\u00edg Budapestr\u0151l szinte teljesen elt\u0171ntek a f\u00fcggetlen kisboltok, addig Sz\u00f3fi\u00e1ban maradt bel\u0151l\u00fck sz\u00e9p mennyis\u00e9g. Egyszer\u0171en mindig volt r\u00e1juk ig\u00e9ny.<\/p>\n<!-- \/wp:paragraph -->\n\n<!-- wp:image {\"align\":\"center\",\"id\":28548,\"sizeSlug\":\"large\"} -->\n<div class=\"wp-block-image\"><figure class=\"aligncenter size-large\"><img src=\"http:\/\/bircahang.org\/wp-content\/uploads\/2021\/03\/ldl1.png\" alt=\"\" class=\"wp-image-28548\" \/><figcaption>a t\u0151lem 200 m\u00e9terre l\u00e9v\u0151 Lidl beltere<\/figcaption><\/figure><\/div>\n<!-- \/wp:image -->\n\n<!-- wp:paragraph -->\n<p>M\u00edg nyugaton ezek a h\u00e1l\u00f3zatok kifejezetten diszkont kateg\u00f3ri\u00e1ban hirdetik magukat, Bulg\u00e1ri\u00e1ban ilyen t\u00edpus\u00fa marketing nincs: ezek a boltok a szeg\u00e9nyeknek t\u00fal dr\u00e1g\u00e1k, m\u00edg az als\u00f3-k\u00f6z\u00e9poszt\u00e1ly sz\u00e1m\u00e1ra <strong>kedvez\u0151bb <\/strong>az \"eleg\u00e1ns bolt\" narrat\u00edva. A szeg\u00e9ny r\u00e9teghez k\u00e9pest gazdag als\u00f3-k\u00f6z\u00e9poszt\u00e1ly persze nyugati m\u00e9rc\u00e9vel szeg\u00e9ny, de \u00edgy legal\u00e1bb az az illuzi\u00f3ja lehet, hogy \u0151 valami \"jobb\" helyen v\u00e1s\u00e1rol.<\/p>\n<!-- \/wp:paragraph -->\n\n<!-- wp:image {\"id\":28549,\"sizeSlug\":\"large\"} -->\n<figure class=\"wp-block-image size-large\"><img src=\"http:\/\/bircahang.org\/wp-content\/uploads\/2021\/03\/ldl2.png\" alt=\"\" class=\"wp-image-28549\" \/><figcaption>a m\u00fazs\u00e1m j\u00f6n szembe a Lidl el\u0151ter\u00e9ben<\/figcaption><\/figure>\n<!-- \/wp:image -->\n\n<!-- wp:paragraph -->\n<p>Az ilyen dolgok kiv\u00e1l\u00f3an mutatj\u00e1k az <strong>\u00e9letsz\u00ednvonalbeli <\/strong>hatalmas elt\u00e9r\u00e9seket az EU-ban. Tal\u00e1n jobban, mint a statisztikai adatok.<\/p>\n<!-- \/wp:paragraph -->","type":"rich","thumbnail_url":null,"thumbnail_width":null,"thumbnail_height":null}

<!-- wp:paragraph -->
<p>Németországban és Ausztriában az áruházak feloszlanak olcsó, <strong>diszkont </strong>típusúsakra és <strong>normál </strong>kategóriájúkra. Az Aldi, a Lidl, s a Penny pl. mind diszkont kategória. A Billa, a Kaufland meg pl. "normál".</p>
<!-- /wp:paragraph -->

<!-- wp:paragraph -->
<p>Megjegyzem: de jó, hogy a magyarban ma már a "diszkont" szó csak melléknév. A 90-es évek elején még <strong>főnév </strong>volt, lásd "megyek a diszkontba". Engem baromira <strong>idegesített</strong>.</p>
<!-- /wp:paragraph -->

<!-- wp:paragraph -->
<p>Az EU legszegényebb országában, <strong>Bulgáriában </strong>nem létezik "diszkont" kategória, ugyanis bármilyen áruház már a középosztálynak szól, nem a szegényeknek. A szegények piacra járnak, kis boltokban vásárolnak, s csak valamilyen akció esetében mennek be áruházba.</p>
<!-- /wp:paragraph -->

<!-- wp:image {"id":28556,"sizeSlug":"large"} -->
<figure class="wp-block-image size-large"><img src="http://bircahang.org/wp-content/uploads/2021/03/rlts.png" alt="" class="wp-image-28556" /><figcaption>tipikus kisbolt lakóépület aljában</figcaption></figure>
<!-- /wp:image -->

<!-- wp:paragraph -->
<p>Ennek egyébként <strong>pozitív </strong>fejleménye, hogy míg Budapestről szinte teljesen eltűntek a független kisboltok, addig Szófiában maradt belőlük szép mennyiség. Egyszerűen mindig volt rájuk igény.</p>
<!-- /wp:paragraph -->

<!-- wp:image {"align":"center","id":28548,"sizeSlug":"large"} -->
<div class="wp-block-image"><figure class="aligncenter size-large"><img src="http://bircahang.org/wp-content/uploads/2021/03/ldl1.png" alt="" class="wp-image-28548" /><figcaption>a tőlem 200 méterre lévő Lidl beltere</figcaption></figure></div>
<!-- /wp:image -->

<!-- wp:paragraph -->
<p>Míg nyugaton ezek a hálózatok kifejezetten diszkont kategóriában hirdetik magukat, Bulgáriában ilyen típusú marketing nincs: ezek a boltok a szegényeknek túl drágák, míg az alsó-középosztály számára <strong>kedvezőbb </strong>az "elegáns bolt" narratíva. A szegény réteghez képest gazdag alsó-középosztály persze nyugati mércével szegény, de így legalább az az illuziója lehet, hogy ő valami "jobb" helyen vásárol.</p>
<!-- /wp:paragraph -->

<!-- wp:image {"id":28549,"sizeSlug":"large"} -->
<figure class="wp-block-image size-large"><img src="http://bircahang.org/wp-content/uploads/2021/03/ldl2.png" alt="" class="wp-image-28549" /><figcaption>a múzsám jön szembe a Lidl előterében</figcaption></figure>
<!-- /wp:image -->

<!-- wp:paragraph -->
<p>Az ilyen dolgok kiválóan mutatják az <strong>életszínvonalbeli </strong>hatalmas eltéréseket az EU-ban. Talán jobban, mint a statisztikai adatok.</p>
<!-- /wp:paragraph -->
