{"version":"1.0","provider_name":"BircaHang","provider_url":"https:\/\/maxval.cafeblog.hu","author_name":"maxval bircaman","author_url":"https:\/\/maxval.cafeblog.hu\/author\/maxval1967gmail-com\/","title":"Juszt leleplez","html":"<!-- wp:paragraph -->\n<p>Szeretem a ballib m\u00e9di\u00e1kat figyelemmel k\u00f6vetni, \u00e1ltal\u00e1ban azokat, melyekben van \u00e9rtelem is. De n\u00e9ha kikapcsol\u00f3d\u00e1sk\u00e9ppen megn\u00e9zek egy-egy ballib bulv\u00e1rm\u00e9di\u00e1t is, kedvenceim az Amerikai N\u00e9pszava blog \u00e9s a Kolozsv\u00e1ros blog, nemr\u00e9g azonban az egyik n\u00e1luk is alacsonyabb sz\u00ednvonal\u00fa m\u00e9di\u00e1ba, az <strong>Ellensz\u00e9l<\/strong>be olvastam bele. Ezt a m\u00e9di\u00e1t p\u00e1r elmebeteggyan\u00fas gyurcs\u00e1nyista civil \u00fczemelteti, de radik\u00e1lisabbak mag\u00e1n\u00e1l Gyurcs\u00e1nyn\u00e1l is, legal\u00e1bbis az orb\u00e1noz\u00e1sban.<\/p>\n<!-- \/wp:paragraph -->\n\n<!-- wp:paragraph -->\n<p>A f\u0151cikk: Juszt L\u00e1szl\u00f3 <a href=\"http:\/\/ellenszel.hu\/2020\/07\/20\/juszt-laszlo-kozzetett-egy-fotot-orban-multjarol-kezdhetsz-magyarazkodni-viktor\/\">leleplezi<\/a> Zorb\u00e1n \"gerinctelens\u00e9g\u00e9t\". Egy\u00e9bk\u00e9nt nem tudom, Juszt tett-e leleplez\u00e9st, az eredetit nem tal\u00e1ltam, sz\u00f3val lehet ak\u00e1r <strong>kamu <\/strong>is a Jusztra utal\u00e1s. Mindegy.<\/p>\n<!-- \/wp:paragraph -->\n\n<!-- wp:paragraph -->\n<p>Orb\u00e1n azt tal\u00e1lta mondani, hogy \"<em>az idegengy\u0171l\u00f6let nagy mester\u00e9t Karl Marxnak h\u00edvt\u00e1k<\/em>\" - ez persze nem igaz, de most ezt hagyjuk, az\u00e9rt van cak erre sz\u00fcks\u00e9g, mert ez a cikk kiindul\u00f3pontja.<\/p>\n<!-- \/wp:paragraph -->\n\n<!-- wp:paragraph -->\n<p>Juszt logik\u00e1ja szerint aki ellenzi Marxot, az nem koszor\u00fazhatja meg se Heydar Aliyev volt azeri eln\u00f6k, se a Tiananmen t\u00e9ri h\u0151si eml\u00e9km\u0171vet.<\/p>\n<!-- \/wp:paragraph -->\n\n<!-- wp:paragraph -->\n<p>Na most, a Tiananmen t\u00e9ri eml\u00e9km\u0171 <strong>semmi k\u00f6ze<\/strong> az 1989-es ottani esem\u00e9nyekhez, sz\u00f3val m\u00e9g az is b\u00e1tran koszor\u00fazhat, aki az 1989-es puccsk\u00eds\u00e9rlet oldal\u00e1n \u00e1llna. Heydar Aliyev pedig a azeri \u00e1llam megalap\u00edt\u00f3ja, s teljesen irrelev\u00e1ns, hogy kor\u00e1bban a szovjet legfels\u0151bb vezet\u00e9s tagja volt (s\u0151t, Brezsnyev ut\u00f3da is lehetett volna, ha nem lett volna muszlim \u00e9s t\u00fcrk, a szovjet rendszer \u00edratlan szab\u00e1lyai kiz\u00e1rt\u00e1k, hogy ennyire kisebbs\u00e9gi legyen a nagyf\u0151n\u00f6k, k\u00fcl\u00f6n\u00f6sen az egyetlen nem-szl\u00e1v vez\u00e9r, Szt\u00e1lin ut\u00e1n). Mindk\u00e9t eml\u00e9km\u0171 olyan, mint n\u00e1lunk a H\u0151s\u00f6k t\u00e9ri H\u0151s\u00f6k Eml\u00e9kk\u00f6ve vagy a m\u00f6g\u00f6tte l\u00e9v\u0151 Milleneumi Eml\u00e9km\u0171. Ezeket rendszeresen megkoszor\u00fazz\u00e1k idegen \u00e1llam- \u00e9s korm\u00e1nyf\u0151k, ez a diplom\u00e1ciai protokol r\u00e9sze.<\/p>\n<!-- \/wp:paragraph -->\n\n<!-- wp:paragraph -->\n<p>Nem megkoszor\u00fazni Tiananmen t\u00e9ri eml\u00e9km\u0171vet k\u00fclf\u00f6ldi \u00e1llami vezet\u0151 \u00e1ltal kb. olyan, mint nem megkoszor\u00fazni a budapesti H\u0151s\u00f6k Eml\u00e9kk\u00f6v\u00e9t arra hivatkozva, hogy <strong>ellenezz\u00fck <\/strong>Nagy Imre kommunista m\u00faltj\u00e1t, m\u00e1rpedig ott zajlott Nagy \u00fajratemet\u00e9se 31 \u00e9ve.<\/p>\n<!-- \/wp:paragraph -->\n\n<!-- wp:paragraph -->\n<p>Magyarul: ostoba demag\u00f3gia. De persze eleve csak a ballib kem\u00e9nymag <strong>legbut\u00e1bb <\/strong>r\u00e9sz\u00e9nek sz\u00e1nt a cikk.<\/p>\n<!-- \/wp:paragraph -->\n\n<!-- wp:image {\"align\":\"center\",\"id\":25264,\"sizeSlug\":\"large\"} -->\n<div class=\"wp-block-image\"><figure class=\"aligncenter size-large\"><img src=\"http:\/\/bircahang.org\/wp-content\/uploads\/2020\/07\/qwsxf6-800x533.jpg\" alt=\"\" class=\"wp-image-25264\" \/><\/figure><\/div>\n<!-- \/wp:image -->","type":"rich","thumbnail_url":null,"thumbnail_width":null,"thumbnail_height":null}

<!-- wp:paragraph -->
<p>Szeretem a ballib médiákat figyelemmel követni, általában azokat, melyekben van értelem is. De néha kikapcsolódásképpen megnézek egy-egy ballib bulvármédiát is, kedvenceim az Amerikai Népszava blog és a Kolozsváros blog, nemrég azonban az egyik náluk is alacsonyabb színvonalú médiába, az <strong>Ellenszél</strong>be olvastam bele. Ezt a médiát pár elmebeteggyanús gyurcsányista civil üzemelteti, de radikálisabbak magánál Gyurcsánynál is, legalábbis az orbánozásban.</p>
<!-- /wp:paragraph -->

<!-- wp:paragraph -->
<p>A főcikk: Juszt László <a href="http://ellenszel.hu/2020/07/20/juszt-laszlo-kozzetett-egy-fotot-orban-multjarol-kezdhetsz-magyarazkodni-viktor/">leleplezi</a> Zorbán "gerinctelenségét". Egyébként nem tudom, Juszt tett-e leleplezést, az eredetit nem találtam, szóval lehet akár <strong>kamu </strong>is a Jusztra utalás. Mindegy.</p>
<!-- /wp:paragraph -->

<!-- wp:paragraph -->
<p>Orbán azt találta mondani, hogy "<em>az idegengyűlölet nagy mesterét Karl Marxnak hívták</em>" - ez persze nem igaz, de most ezt hagyjuk, azért van cak erre szükség, mert ez a cikk kiindulópontja.</p>
<!-- /wp:paragraph -->

<!-- wp:paragraph -->
<p>Juszt logikája szerint aki ellenzi Marxot, az nem koszorúzhatja meg se Heydar Aliyev volt azeri elnök, se a Tiananmen téri hősi emlékművet.</p>
<!-- /wp:paragraph -->

<!-- wp:paragraph -->
<p>Na most, a Tiananmen téri emlékmű <strong>semmi köze</strong> az 1989-es ottani eseményekhez, szóval még az is bátran koszorúzhat, aki az 1989-es puccskísérlet oldalán állna. Heydar Aliyev pedig a azeri állam megalapítója, s teljesen irreleváns, hogy korábban a szovjet legfelsőbb vezetés tagja volt (sőt, Brezsnyev utóda is lehetett volna, ha nem lett volna muszlim és türk, a szovjet rendszer íratlan szabályai kizárták, hogy ennyire kisebbségi legyen a nagyfőnök, különösen az egyetlen nem-szláv vezér, Sztálin után). Mindkét emlékmű olyan, mint nálunk a Hősök téri Hősök Emlékköve vagy a mögötte lévő Milleneumi Emlékmű. Ezeket rendszeresen megkoszorúzzák idegen állam- és kormányfők, ez a diplomáciai protokol része.</p>
<!-- /wp:paragraph -->

<!-- wp:paragraph -->
<p>Nem megkoszorúzni Tiananmen téri emlékművet külföldi állami vezető által kb. olyan, mint nem megkoszorúzni a budapesti Hősök Emlékkövét arra hivatkozva, hogy <strong>ellenezzük </strong>Nagy Imre kommunista múltját, márpedig ott zajlott Nagy újratemetése 31 éve.</p>
<!-- /wp:paragraph -->

<!-- wp:paragraph -->
<p>Magyarul: ostoba demagógia. De persze eleve csak a ballib keménymag <strong>legbutább </strong>részének szánt a cikk.</p>
<!-- /wp:paragraph -->

<!-- wp:image {"align":"center","id":25264,"sizeSlug":"large"} -->
<div class="wp-block-image"><figure class="aligncenter size-large"><img src="http://bircahang.org/wp-content/uploads/2020/07/qwsxf6-800x533.jpg" alt="" class="wp-image-25264" /></figure></div>
<!-- /wp:image -->
