{"version":"1.0","provider_name":"BircaHang","provider_url":"https:\/\/maxval.cafeblog.hu","author_name":"maxval bircaman","author_url":"https:\/\/maxval.cafeblog.hu\/author\/maxval1967gmail-com\/","title":"P\u00e9ntek 13., a vicc napja","html":"\n\t\t\t\t<!-- wp:paragraph -->\n<p>Lelki gy\u00f3gyszer <strong>p\u00e9ntek, 13<\/strong>-ra.<\/p>\n<!-- \/wp:paragraph -->\n\n<!-- wp:paragraph -->\n<p>Amikor n\u00e9ha rossz volt a kedvem (szerencs\u00e9re ez az\u00e9rt nem t\u00fal gyakori), az Amerikai N\u00e9pszava blogot n\u00e9ztem, mindig lehetett nagyokat r\u00f6h\u00f6gni mind a demag\u00f3g cikkeken, mind a kb. 10 darab t\u00f6rzskommentel\u0151 <strong>viszket\u0151 <\/strong>marhas\u00e1gain - kedvencem a mag\u00e1t zsid\u00f3nak hallucin\u00e1l\u00f3 \"<em>abramovics voltam \u00e9s vagyok<\/em>\" nikk, aki rem\u00e9lem sokig \u00e9l m\u00e9g, mert butas\u00e1ga \u00e9s rosszindalata olyan fok\u00fa, hogy sokat seg\u00edt azoknak, akik ellen harcol.<\/p>\n<!-- \/wp:paragraph -->\n\n<!-- wp:paragraph -->\n<p>Sajnos azonban az eg\u00e9sz elmebeteg blog <strong>ellaposult<\/strong>, mindig ugyanaz, semmi \u00fajdons\u00e1g soha. \u00dagy vagyok vele mint a n\u00e9pzen\u00e9vel, az elej\u00e9n m\u00e9g j\u00f3, de amikor sz\u00e1zadszor j\u00f6n ugyanaz a ritmus, m\u00e1r \u00e1s\u00edt az ember.<\/p>\n<!-- \/wp:paragraph -->\n\n<!-- wp:paragraph -->\n<p>Egy id\u0151ben j\u00f3 volt m\u00e9g <strong>r\u00f6h\u00f6g\u00e9sre <\/strong>az \u00d6r\u00fcl\u00fcnk Vincent \u00e9s a Hat\u00e1r\u00e1tkel\u0151 blog, de ezek m\u00e9g gyorsabban laposodtak le. <\/p>\n<!-- \/wp:paragraph -->\n\n<!-- wp:paragraph -->\n<p>Szerencs\u00e9re azonban megsz\u00fcletett a <strong>Kolozsv\u00e1ros <\/strong>c\u00edm\u0171 blog! Itt alig van nap, amikor nem jelenik me valami \u00faj, minden kor\u00e1bbin\u00e1l hatalmasabb butas\u00e1g. A blog profilja 5 t\u00e9m\u00e1t \u00f6lel fel:<\/p>\n<!-- \/wp:paragraph -->\n\n<!-- wp:list -->\n<ul><li>szimpla <strong>orb\u00e1noz\u00e1s<\/strong>: ez nem igaz\u00e1n \u00e9rdekes, m\u00e1r sokan m\u0171velik ezt a m\u0171fajt,<\/li><li>ny\u00e1las baroms\u00e1gok valami Luca nev\u0171 senki \u00e1ltal nem ismert, de a blog \u00e1ltal valami okb\u00f3l im\u00e1dott, elhal\u00e1lozott fanatikus magyargy\u0171l\u00f6l\u0151 eml\u00e9k\u00e9re, amolyan <strong>Di\u00e1na, a sz\u00edvek hercegn\u0151je<\/strong> st\u00edlusban,<\/li><li>egy <strong>Benekuttyi <\/strong>vagy mi is a neve tud\u00e1l\u00e9kos, mag\u00e1t Nobel-d\u00edjasnak h\u00edv\u0151 d\u00edszbarom , a val\u00f3s\u00e1gban csak Dan Brown ut\u00e1nzata, marhas\u00e1gai,<\/li><li><strong>Pufajk\u00e1s Anna<\/strong> \u00edr\u00e1sai arr\u00f3l, hogy milyen j\u00f3 nyugaton \u00e9s milyen rossz m\u00e1shol,<\/li><li>a f\u0151 bloggerek drogos hat\u00e1s alatti, <strong>\u00f6nkorb\u00e1csol\u00f3 <\/strong>\u00edr\u00e1sai.<\/li><\/ul>\n<!-- \/wp:list -->\n\n<!-- wp:paragraph -->\n<p>Bevallom, nekem ez ut\u00f3bbi a kedvencem! S a t\u00f6rzskommentekl\u0151knek is - - akiket a bloggerek v\u00e1logattak ki nagy gonddal, egyt\u0151l egyik c\u00edmeres idi\u00f3ta vagy gy\u0171l\u00f6lk\u00f6d\u0151 gazember - ez tetszik a legjobban. <\/p>\n<!-- \/wp:paragraph -->\n\n<!-- wp:paragraph -->\n<p>F\u0151 t\u00e9ma: a legut\u00f3bbi gigagt\u00fcntin mi\u00e9rt csak harmincan\/k\u00e9tsz\u00e1zan\/h\u00e1romezren voltunk? Ilyenkor a t\u00f6rzskommentel\u0151k magyarellenes r\u00e9v\u00fcletben rendre kifejtik, a szem\u00e9tdombra val\u00f3 a magyar n\u00e9p, hogy nem hajland\u00f3 t\u00f6bbsz\u00e1zezres l\u00e9tsz\u00e1mba azonnal lebontani a \"diktat\u00far\u00e1t\", meglincselni minden fideszest, majd a Duna jeg\u00e9n kinevezni az <strong>eur\u00f3pai szak\u00e9rt\u0151i<\/strong> korm\u00e1nyt.<\/p>\n<!-- \/wp:paragraph -->\n\n<!-- wp:image {\"id\":16911,\"align\":\"center\"} -->\n<div class=\"wp-block-image\"><figure class=\"aligncenter\"><img src=\"http:\/\/bircahang.org\/wp-content\/uploads\/2015\/07\/ktya.jpg\" alt=\"\" class=\"wp-image-16911\" \/><\/figure><\/div>\n<!-- \/wp:image -->\t\t","type":"rich","thumbnail_url":null,"thumbnail_width":null,"thumbnail_height":null}

Péntek 13., a vicc napja

<!-- wp:paragraph -->
<p>Lelki gyógyszer <strong>péntek, 13</strong>-ra.</p>
<!-- /wp:paragraph -->

<!-- wp:paragraph -->
<p>Amikor néha rossz volt a kedvem (szerencsére ez azért nem túl gyakori), az Amerikai Népszava blogot néztem, mindig lehetett nagyokat röhögni mind a demagóg cikkeken, mind a kb. 10 darab törzskommentelő <strong>viszkető </strong>marhaságain - kedvencem a magát zsidónak hallucináló "<em>abramovics voltam és vagyok</em>" nikk, aki remélem sokig él még, mert butasága és rosszindalata olyan fokú, hogy sokat segít azoknak, akik ellen harcol.</p>
<!-- /wp:paragraph -->

<!-- wp:paragraph -->
<p>Sajnos azonban az egész elmebeteg blog <strong>ellaposult</strong>, mindig ugyanaz, semmi újdonság soha. Úgy vagyok vele mint a népzenével, az elején még jó, de amikor századszor jön ugyanaz a ritmus, már ásít az ember.</p>
<!-- /wp:paragraph -->

<!-- wp:paragraph -->
<p>Egy időben jó volt még <strong>röhögésre </strong>az Örülünk Vincent és a Határátkelő blog, de ezek még gyorsabban laposodtak le. </p>
<!-- /wp:paragraph -->

<!-- wp:paragraph -->
<p>Szerencsére azonban megszületett a <strong>Kolozsváros </strong>című blog! Itt alig van nap, amikor nem jelenik me valami új, minden korábbinál hatalmasabb butaság. A blog profilja 5 témát ölel fel:</p>
<!-- /wp:paragraph -->

<!-- wp:list -->
<ul><li>szimpla <strong>orbánozás</strong>: ez nem igazán érdekes, már sokan művelik ezt a műfajt,</li><li>nyálas baromságok valami Luca nevű senki által nem ismert, de a blog által valami okból imádott, elhalálozott fanatikus magyargyűlölő emlékére, amolyan <strong>Diána, a szívek hercegnője</strong> stílusban,</li><li>egy <strong>Benekuttyi </strong>vagy mi is a neve tudálékos, magát Nobel-díjasnak hívő díszbarom , a valóságban csak Dan Brown utánzata, marhaságai,</li><li><strong>Pufajkás Anna</strong> írásai arról, hogy milyen jó nyugaton és milyen rossz máshol,</li><li>a fő bloggerek drogos hatás alatti, <strong>önkorbácsoló </strong>írásai.</li></ul>
<!-- /wp:list -->

<!-- wp:paragraph -->
<p>Bevallom, nekem ez utóbbi a kedvencem! S a törzskommenteklőknek is - - akiket a bloggerek válogattak ki nagy gonddal, egytől egyik címeres idióta vagy gyűlölködő gazember - ez tetszik a legjobban. </p>
<!-- /wp:paragraph -->

<!-- wp:paragraph -->
<p>Fő téma: a legutóbbi gigagtüntin miért csak harmincan/kétszázan/háromezren voltunk? Ilyenkor a törzskommentelők magyarellenes révületben rendre kifejtik, a szemétdombra való a magyar nép, hogy nem hajlandó többszázezres létszámba azonnal lebontani a "diktatúrát", meglincselni minden fideszest, majd a Duna jegén kinevezni az <strong>európai szakértői</strong> kormányt.</p>
<!-- /wp:paragraph -->

<!-- wp:image {"id":16911,"align":"center"} -->
<div class="wp-block-image"><figure class="aligncenter"><img src="http://bircahang.org/wp-content/uploads/2015/07/ktya.jpg" alt="" class="wp-image-16911" /></figure></div>
<!-- /wp:image -->
