{"version":"1.0","provider_name":"BircaHang","provider_url":"https:\/\/maxval.cafeblog.hu","author_name":"maxval bircaman","author_url":"https:\/\/maxval.cafeblog.hu\/author\/maxval1967gmail-com\/","title":"A legideges\u00edt\u0151bb FB-ismer\u0151s\u00f6k","html":"A Facebook manaps\u00e1g kiker\u00fclhetetlen.<!--more-->\n\nMindenki m\u00e1s-m\u00e1s m\u00f3don haszn\u00e1lja a FB-ot. Az \u00e9n m\u00f3dszerem a \"bar\u00e1tokra\" pl. az, hogy mindenkit <strong>visszajel\u00f6l\u00f6k<\/strong>, aki engem bejel\u00f6lt. S nagyon ritk\u00e1n t\u00f6rl\u00f6k b\u00e1rkit is, eg\u00e9sz majdnem 10 \u00e9ve FB-p\u00e1lyafut\u00e1som alatt - 2008-ban csatlakoztam - \u00f6sszesen 3 embert t\u00f6r\u00f6ltem, k\u00f6zt\u00fck 2 ex-SZDSZ-es profi politikust, de \u0151ket is csak gusztustalan, intoler\u00e1ns, megal\u00e1z\u00f3 st\u00edlusuk miatt.\n\nV\u00e1ltoztam ugyanis sz\u00e1mtalanszor \u00e9letemben, de van 2 dolog, melyet sose b\u00edrtam elviselni: ez az <strong>aljass\u00e1g<\/strong> \u00e9s az <strong>igazs\u00e1gtalans\u00e1g<\/strong>, ez \u00fcgyben sose v\u00e1ltoztattam meg n\u00e9zeteimet. Akin\u00e9l ezek b\u00e1rmelyik\u00e9t tapasztalom, sz\u00e1nd\u00e9koss\u00e1ggal egybek\u00f6tve, az n\u00e1lam <strong>kiz\u00e1r\u00f3 ok<\/strong> b\u00e1rmire is.\n\nSz\u00f3val j\u00f6jjenek a legideges\u00edt\u0151bb FB-bar\u00e1tt\u00edpusok!\n\n<a href=\"http:\/\/bircahang.org\/wp-content\/uploads\/2018\/01\/fbz.jpg\"><img class=\"aligncenter size-full wp-image-14856\" src=\"http:\/\/bircahang.org\/wp-content\/uploads\/2018\/01\/fbz.jpg\" alt=\"\" width=\"696\" height=\"484\" \/><\/a>\n\nA legkisebb rossz az <strong>\u00f6k\u00f6rs\u00e9geket posztol\u00f3<\/strong> ember. Pl. megoszt valami \u00e1lbudhista b\u00f6lcsess\u00e9get J\u00e9zus k\u00e9p\u00e9vel, a h\u00e1tt\u00e9rben egy macsk\u00e1val. Vagy l\u00e1nclev\u00e9l terjeszt\u00e9s\u00e9re buzd\u00edt. Esetleg mlm-piramisj\u00e1t\u00e9kot hirdet.\n\nValamivel ideges\u00edt\u0151bb a <strong>hamis h\u00edreket terjeszt\u0151<\/strong> megsz\u00e1llott. A f\u0151 gond vele: a h\u00edr annyira hamis, hogy 5 m\u00e1sodperc gondolkod\u00e1s elegend\u0151 lenne ennek felismer\u00e9s\u00e9re, \u0151 m\u00e9gse sz\u00e1nt erre ennyi id\u0151t se. M\u00e9g az amerikai eln\u00f6kv\u00e1laszt\u00e1s el\u0151tt egy ismer\u0151s\u00f6m meg\u00edrta, hogy Clinton visszal\u00e9pett a v\u00e1laszt\u00e1sokt\u00f3l. Kiv\u00e9telesen v\u00e1laszoltam neki, hogy ez h\u00fclyes\u00e9g, s felh\u00edvtam figyelm\u00e9t, egyetlen m\u00e9dia se igazolja vissza az \u00e1ll\u00edt\u00e1st. Erre \u0151 azt v\u00e1laszolta, hogy m\u00e9g titkolj\u00e1k a m\u00e9di\u00e1k, de hamarosan nyilv\u00e1nos lesz, s furcsa, hogy \u00e9n a liber\u00e1lisokat t\u00e1mogatom. Ebben maradtunk...\n\nA legideges\u00edt\u0151bb a <strong>hatalomhoz d\u00f6rg\u00f6l\u0151z\u0151<\/strong> t\u00edpus. Nem, nem a politikai hatalomhoz, hanem a <strong>val\u00f3dihoz<\/strong>. \u0150 az, aki els\u0151k\u00e9nt csin\u00e1l sziv\u00e1rv\u00e1nyos k\u00e9pet, ha terrort\u00e1mad\u00e1s zajlik, \u00fcdv\u00f6zli, hogy Ausztr\u00e1li\u00e1ban lesz egynem\u0171 \"h\u00e1zass\u00e1g\", k\u00f6veteli Trump lemond\u00e1s\u00e1t, tiltakozik Putyin ellen, stb.","type":"rich","thumbnail_url":null,"thumbnail_width":null,"thumbnail_height":null}

A legidegesítőbb FB-ismerősök

A Facebook manapság kikerülhetetlen.<!--more-->

Mindenki más-más módon használja a FB-ot. Az én módszerem a "barátokra" pl. az, hogy mindenkit <strong>visszajelölök</strong>, aki engem bejelölt. S nagyon ritkán törlök bárkit is, egész majdnem 10 éve FB-pályafutásom alatt - 2008-ban csatlakoztam - összesen 3 embert töröltem, köztük 2 ex-SZDSZ-es profi politikust, de őket is csak gusztustalan, intoleráns, megalázó stílusuk miatt.

Változtam ugyanis számtalanszor életemben, de van 2 dolog, melyet sose bírtam elviselni: ez az <strong>aljasság</strong> és az <strong>igazságtalanság</strong>, ez ügyben sose változtattam meg nézeteimet. Akinél ezek bármelyikét tapasztalom, szándékossággal egybekötve, az nálam <strong>kizáró ok</strong> bármire is.

Szóval jöjjenek a legidegesítőbb FB-baráttípusok!

<a href="http://bircahang.org/wp-content/uploads/2018/01/fbz.jpg"><img class="aligncenter size-full wp-image-14856" src="http://bircahang.org/wp-content/uploads/2018/01/fbz.jpg" alt="" width="696" height="484" /></a>

A legkisebb rossz az <strong>ökörségeket posztoló</strong> ember. Pl. megoszt valami álbudhista bölcsességet Jézus képével, a háttérben egy macskával. Vagy lánclevél terjesztésére buzdít. Esetleg mlm-piramisjátékot hirdet.

Valamivel idegesítőbb a <strong>hamis híreket terjesztő</strong> megszállott. A fő gond vele: a hír annyira hamis, hogy 5 másodperc gondolkodás elegendő lenne ennek felismerésére, ő mégse szánt erre ennyi időt se. Még az amerikai elnökválasztás előtt egy ismerősöm megírta, hogy Clinton visszalépett a választásoktól. Kivételesen válaszoltam neki, hogy ez hülyeség, s felhívtam figyelmét, egyetlen média se igazolja vissza az állítást. Erre ő azt válaszolta, hogy még titkolják a médiák, de hamarosan nyilvános lesz, s furcsa, hogy én a liberálisokat támogatom. Ebben maradtunk...

A legidegesítőbb a <strong>hatalomhoz dörgölőző</strong> típus. Nem, nem a politikai hatalomhoz, hanem a <strong>valódihoz</strong>. Ő az, aki elsőként csinál szivárványos képet, ha terrortámadás zajlik, üdvözli, hogy Ausztráliában lesz egynemű "házasság", követeli Trump lemondását, tiltakozik Putyin ellen, stb.
