{"version":"1.0","provider_name":"BircaHang","provider_url":"https:\/\/maxval.cafeblog.hu","author_name":"maxval bircaman","author_url":"https:\/\/maxval.cafeblog.hu\/author\/maxval1967gmail-com\/","title":"H\u00e1ny \u00e9vig tartott a R\u00f3mai Birodalom?","html":"A nyugati, r\u00e9szrehajl\u00f3 t\u00f6rt\u00e9net\u00edr\u00e1sban R\u00f3ma id\u0151tartama a val\u00f3s\u00e1gosn\u00e1l mindig j\u00f3val r\u00f6videbb. L\u00e1ssuk mi\u00e9rt!<!--more-->\n\nA r\u00f3mai \u00e1llam alap\u00edt\u00e1sa i. e. 753, Ennek hagyom\u00e1nyos id\u0151beli feloszt\u00e1sa:\n<ul>\n \t<li>i \u00a0e. 753 - i. e. 509: kir\u00e1lys\u00e1g,<\/li>\n \t<li>i. e. 509 - i. e. 31: k\u00f6zt\u00e1rsas\u00e1g (a k\u00f6zt\u00e1rsas\u00e1g v\u00e9g\u00e9t illet\u0151en ez csak az egyik szok\u00e1sosan haszn\u00e1lt d\u00e1tum, de nem az egyetlen, ennek oka, hogy jogilag a k\u00f6zt\u00e1rsas\u00e1g <strong>m\u00e9g 300 \u00e9vig<\/strong>, pontosabban i. sz. 284-ig fenn\u00e1llt, s neh\u00e9z pontos d\u00e1tumot megadni a v\u00e9g\u00e9t illet\u0151en, a 31-es \u00e9v kiv\u00e1laszt\u00e1s\u00e1nak oka: ekkor biztos\u00edtotta be Augustus cs\u00e1sz\u00e1r az actiumi csat\u00e1ban val\u00f3 gy\u0151zelm\u00e9vel egyeduralm\u00e1t),<\/li>\n \t<li>i. e. 31 - i. sz. 284: a cs\u00e1sz\u00e1rkor els\u0151 fele, a princip\u00e1tus,<\/li>\n \t<li>i. e. 284 - i. sz. 476: a cs\u00e1sz\u00e1rkor m\u00e1sodik fele, \u00a0a domin\u00e1tus.<\/li>\n<\/ul>\nMinden i. sz. 476 ut\u00e1ni fejlem\u00e9ny m\u00e1r a r\u00f3mai t\u00f6rt\u00e9nelmen k\u00edv\u00fcl van szeml\u00e9lve, s ez val\u00f3j\u00e1ban abszurdum.\n\nVal\u00f3j\u00e1ban m\u00e9g ez a 476-os \u00e9v se pontos, ez is vitathat\u00f3 id\u0151pont, mert ekkor \"csak\" a nyugatr\u00f3mai \u00e1llam f\u0151v\u00e1rosa veszett el, de nem teljes ter\u00fclete, annak egyes r\u00e9szei m\u00e9g 10 \u00e9vig megmaradtak.\n\nAz igazi probl\u00e9ma viszont az, hogy nyugaton ki lett tal\u00e1lva a \"biz\u00e1nci birodalom\" kifejez\u00e9s, hogy ezzel le lehessen tagadni azt a t\u00e9nyt, hogy a R\u00f3mai Birodalom m\u00e9g <strong>majdnem ezer \u00e9vig<\/strong>, 1453-ig fenn\u00e1llt. (Itt is ez a f\u0151v\u00e1ros elest\u00e9nek id\u0151pontja, m\u00e9g 1479-ig tartott\u00e1k magukat egyes ter\u00fcletek.)\n\n395-ben zajlott le a Birodalom v\u00e9gleges kett\u00e9oszt\u00e1sa nyugati \u00e9s keleti r\u00e9szre. De a k\u00f6z\u00f6s \u00e1llamis\u00e1g tudata tov\u00e1bbra is fenn\u00e1llt.\u00a0A VI. sz. k\u00f6zepe volt az utols\u00f3 id\u0151pont, amikor a Birodalom sikeresen visszaszerezte t\u00f6bb nyugati ter\u00fclet\u00e9t, k\u00f6zt\u00fck It\u00e1li\u00e1t is (Pann\u00f3ni\u00e1t pl. nem). Ez id\u0151pont ut\u00e1n a nyugati ter\u00fcletek m\u00e1r sosem voltak r\u00f3maiak, m\u00e1r csak egyes maradv\u00e1nyok maradtak, de ennek is v\u00e9ge lett a VIII. sz. k\u00f6zep\u00e9re.\n\nHa besz\u00e9l\u00fcnk biz\u00e1nci korr\u00f3l, az lehets\u00e9ges, ha ez alatt azt \u00e9rtj\u00fcnk, amikor R\u00f3ma g\u00f6r\u00f6gnyelv\u0171 lett.\u00a0A Birodalomban m\u00e9g a sz\u00e9tv\u00e1l\u00e1s el\u0151tt ugyan a latin volt a hivatalos nyelv, a gyakorlatban a k\u00f6zigazgat\u00e1s mindenhol a f\u0151 \u00f6sszek\u00f6t\u0151 nyelvet haszn\u00e1lta. Azaz a latint csak nyugaton, m\u00edg keleten a g\u00f6r\u00f6g\u00f6t (n\u00e9hol az assz\u00edrt is). \u00a0A VI. sz\u00e1zadban v\u00e9gleg nyugat n\u00e9lk\u00f3l maradt Birodalom egyszer\u0171en hivatalos\u00edtotta a t\u00e9nyleges helyzetet, bevezetve a g\u00f6r\u00f6g hivatalos nyelvet. Biz\u00e1nci korr\u00f3l ett\u0151l kezdve besz\u00e9lhet\u00fcnk, de a biz\u00e1nci kor ugyan\u00fagy r\u00e9sze a r\u00f3mai t\u00f6rt\u00e9nelemnek.\n\nNyugaton teh\u00e1t kital\u00e1lt\u00e1k a \"Biz\u00e1nc\" sz\u00f3t, hogy azt lehessen mondani, a R\u00f3mai Birodalom v\u00e9get \u00e9rt az V. sz\u00e1zadban. Ez a t\u00f6rt\u00e9nelemhamis\u00edt\u00e1s m\u00e1ig hat. Pedig a val\u00f3s\u00e1gbnan a Birodalom csak a XV. sz\u00e1zadban \u00e9rt v\u00e9get, s ez a birodalom SOSE nevezte mag\u00e1t Biz\u00e1ncnak, lakosai \"r\u00f3maiaknak\" nevezt\u00e9k magukat eg\u00e9szen a XV. sz\u00e1zadig.\u00a0Ez kb. olyan, mint a szlov\u00e1kok vicces t\u00f6rt\u00e9nelemszeml\u00e9lete Magyarorsz\u00e1gr\u00f3l, amikor kijelentik, hogy volt \"Hung\u00e1ria\", s ez valami m\u00e1s volt, mint \"Magyarorsz\u00e1g\".\n\nMi az oka a hamis\u00edt\u00e1snak? Alapvet\u0151en a katolicizmus.\n\nA r\u00f3mai p\u00e1pa is felmondta a h\u0171s\u00e9get a r\u00f3mai cs\u00e1sz\u00e1r fel\u00e9 a VIII. sz. v\u00e9g\u00e9n, ennek cs\u00facspontja 800, amikor a r\u00f3mai p\u00e1pa r\u00e9szt vett az \u00faj nyugati frank cs\u00e1sz\u00e1rs\u00e1g legitimil\u00e1s\u00e1ban. Tulajdonk\u00e9ppen ennek egyenes k\u00f6vetkezm\u00e9nye, hogy 1054-ben a r\u00f3mai p\u00e1pa kiszakadt az Egyh\u00e1zb\u00f3l, megelap\u00edtva az \u00faj, imm\u00e1r frank-latin katolicizmust.\n\nUgyanez az oka, ami miatt az ortodox \u00e1llamokban m\u00e9s a hozz\u00e1\u00e1ll\u00e1s. A rom\u00e1nok egyenesen a R\u00f3mai Birodalomr\u00f3l nevezt\u00e9k el magukat!\u00a0Amikor a Birodalom a VI. sz\u00e1zadban hivatalosan \u00e1tt\u00e9rt a latinr\u00f3l a g\u00f6r\u00f6gre, az \u00e1llam neve g\u00f6r\u00f6g\u00fcl \"Rhomania\" lett. Ezt a sz\u00f3t vett\u00e9k \u00e1t a rom\u00e1nok a XIX. sz.-ban. \u00cdgy lettek ol\u00e1hokb\u00f3l rom\u00e1nok.\n\nAz orosz \u00e1llameszm\u00e9nek is szervez r\u00e9sze R\u00f3ma. Am\u00edg megvolt a cs\u00e1sz\u00e1rs\u00e1g, Moszkv\u00e1ban az uralkod\u00f3 nem nevezte mag\u00e1t cs\u00e1sz\u00e1rnak (szl\u00e1vul: c\u00e1rnak).\u00a0Az orosz \"3 R\u00f3ma\" tan abszol\u00fat fontos az orosz t\u00f6rt\u00e9nelemszeml\u00e9letben. Az els\u0151 R\u00f3ma (az eredeti) elbukott a barb\u00e1rok alatt az V. sz\u00e1zadban, majd eretnek lett a frankok alatt a XI. sz\u00e1zadban. A m\u00e1sodik R\u00f3ma (Konstantin\u00e1poly) elesett a muszlimok t\u00e1mad\u00e1s\u00e1ban, a XV. sz\u00e1zadban. Ez\u00e9rt lett a harmadik R\u00f3ma (Moszkva), mely sose fog elesni. Ezt mondja a XV. sz\u00e1zadi orosz tan\u00edt\u00e1s, s eddig be is j\u00f6tt, Moszkva sosem esett el az\u00f3ta se a lengyeleknek, se a sv\u00e9deknek, se Napoleonnak, se Hitlernek siker\u00fclt megt\u00f6rtenie a moszkvai hatalmat, ahogy ez napjainkban se j\u00f6tt \u00f6ssze az eg\u00e9sz nyugati vil\u00e1gnak.\n\n&nbsp;","type":"rich"}

Hány évig tartott a Római Birodalom?

A nyugati, részrehajló történetírásban Róma időtartama a valóságosnál mindig jóval rövidebb. Lássuk miért!<!--more-->

A római állam alapítása i. e. 753, Ennek hagyományos időbeli felosztása:
<ul>
 	<li>i  e. 753 - i. e. 509: királyság,</li>
 	<li>i. e. 509 - i. e. 31: köztársaság (a köztársaság végét illetően ez csak az egyik szokásosan használt dátum, de nem az egyetlen, ennek oka, hogy jogilag a köztársaság <strong>még 300 évig</strong>, pontosabban i. sz. 284-ig fennállt, s nehéz pontos dátumot megadni a végét illetően, a 31-es év kiválasztásának oka: ekkor biztosította be Augustus császár az actiumi csatában való győzelmével egyeduralmát),</li>
 	<li>i. e. 31 - i. sz. 284: a császárkor első fele, a principátus,</li>
 	<li>i. e. 284 - i. sz. 476: a császárkor második fele,  a dominátus.</li>
</ul>
Minden i. sz. 476 utáni fejlemény már a római történelmen kívül van szemlélve, s ez valójában abszurdum.

Valójában még ez a 476-os év se pontos, ez is vitatható időpont, mert ekkor "csak" a nyugatrómai állam fővárosa veszett el, de nem teljes területe, annak egyes részei még 10 évig megmaradtak.

Az igazi probléma viszont az, hogy nyugaton ki lett találva a "bizánci birodalom" kifejezés, hogy ezzel le lehessen tagadni azt a tényt, hogy a Római Birodalom még <strong>majdnem ezer évig</strong>, 1453-ig fennállt. (Itt is ez a főváros elestének időpontja, még 1479-ig tartották magukat egyes területek.)

395-ben zajlott le a Birodalom végleges kettéosztása nyugati és keleti részre. De a közös államiság tudata továbbra is fennállt. A VI. sz. közepe volt az utolsó időpont, amikor a Birodalom sikeresen visszaszerezte több nyugati területét, köztük Itáliát is (Pannóniát pl. nem). Ez időpont után a nyugati területek már sosem voltak rómaiak, már csak egyes maradványok maradtak, de ennek is vége lett a VIII. sz. közepére.

Ha beszélünk bizánci korról, az lehetséges, ha ez alatt azt értjünk, amikor Róma görögnyelvű lett. A Birodalomban még a szétválás előtt ugyan a latin volt a hivatalos nyelv, a gyakorlatban a közigazgatás mindenhol a fő összekötő nyelvet használta. Azaz a latint csak nyugaton, míg keleten a görögöt (néhol az asszírt is).  A VI. században végleg nyugat nélkól maradt Birodalom egyszerűen hivatalosította a tényleges helyzetet, bevezetve a görög hivatalos nyelvet. Bizánci korról ettől kezdve beszélhetünk, de a bizánci kor ugyanúgy része a római történelemnek.

Nyugaton tehát kitalálták a "Bizánc" szót, hogy azt lehessen mondani, a Római Birodalom véget ért az V. században. Ez a történelemhamisítás máig hat. Pedig a valóságbnan a Birodalom csak a XV. században ért véget, s ez a birodalom SOSE nevezte magát Bizáncnak, lakosai "rómaiaknak" nevezték magukat egészen a XV. századig. Ez kb. olyan, mint a szlovákok vicces történelemszemlélete Magyarországról, amikor kijelentik, hogy volt "Hungária", s ez valami más volt, mint "Magyarország".

Mi az oka a hamisításnak? Alapvetően a katolicizmus.

A római pápa is felmondta a hűséget a római császár felé a VIII. sz. végén, ennek csúcspontja 800, amikor a római pápa részt vett az új nyugati frank császárság legitimilásában. Tulajdonképpen ennek egyenes következménye, hogy 1054-ben a római pápa kiszakadt az Egyházból, megelapítva az új, immár frank-latin katolicizmust.

Ugyanez az oka, ami miatt az ortodox államokban més a hozzáállás. A románok egyenesen a Római Birodalomról nevezték el magukat! Amikor a Birodalom a VI. században hivatalosan áttért a latinról a görögre, az állam neve görögül "Rhomania" lett. Ezt a szót vették át a románok a XIX. sz.-ban. Így lettek oláhokból románok.

Az orosz állameszmének is szervez része Róma. Amíg megvolt a császárság, Moszkvában az uralkodó nem nevezte magát császárnak (szlávul: cárnak). Az orosz "3 Róma" tan abszolút fontos az orosz történelemszemléletben. Az első Róma (az eredeti) elbukott a barbárok alatt az V. században, majd eretnek lett a frankok alatt a XI. században. A második Róma (Konstantinápoly) elesett a muszlimok támadásában, a XV. században. Ezért lett a harmadik Róma (Moszkva), mely sose fog elesni. Ezt mondja a XV. századi orosz tanítás, s eddig be is jött, Moszkva sosem esett el azóta se a lengyeleknek, se a svédeknek, se Napoleonnak, se Hitlernek sikerült megtörtenie a moszkvai hatalmat, ahogy ez napjainkban se jött össze az egész nyugati világnak.

&nbsp;
