{"version":"1.0","provider_name":"BircaHang","provider_url":"https:\/\/maxval.cafeblog.hu","author_name":"maxval bircaman","author_url":"https:\/\/maxval.cafeblog.hu\/author\/maxval1967gmail-com\/","title":"20. \u00e9vfordul\u00f3 Sz\u00f3fi\u00e1ban","html":"Manaps\u00e1g Bulg\u00e1ri\u00e1ban sok sz\u00f3 esik a 20 \u00e9vvel ezel\u0151tti esem\u00e9nyekr\u0151l.<!--more-->\n\n<strong>1995 janu\u00e1rj\u00e1ban<\/strong> Bulg\u00e1ri\u00e1ban a v\u00e1laszt\u00e1sok ut\u00e1n hatalomra ker\u00fclt mint minisztereln\u00f6k az ex-kommunista szocialista p\u00e1rt balsz\u00e1rny\u00e1hoz tartoz\u00f3 <strong>Zsan Videnov<\/strong>\u00a0(Bulg\u00e1ria legfiatalabb korm\u00e1nyf\u0151je, akkor 35 \u00e9ves volt), A korm\u00e1ny keveset tett, ezt tagadni k\u00e1r, gyakorlatilag a korm\u00e1nyt a saj\u00e1t p\u00e1rtj\u00e1nak bels\u0151 ellenz\u00e9ke b\u00e9n\u00edtotta meg, az <strong>\u00fajgazdag<\/strong> oligarch\u00e1kkal sz\u00f6vets\u00e9gben (ez a gazdag r\u00e9teg - ahogy m\u00e1s kelet-eur\u00f3pai orsz\u00e1gokban - Bulg\u00e1ri\u00e1ban is els\u0151sorban \u00e9s t\u00falnyom\u00f3an a volt kommunista p\u00e1rthoz tartoz\u00f3 szem\u00e9lyekb\u0151l lett a rendszerv\u00e1ltoz\u00e1s ut\u00e1n).\n\n<a href=\"http:\/\/bircahang.org\/wp-content\/uploads\/2017\/02\/zhv.jpg\"><img class=\"alignright size-full wp-image-13006\" src=\"http:\/\/bircahang.org\/wp-content\/uploads\/2017\/02\/zhv.jpg\" alt=\"zhv\" width=\"623\" height=\"380\" \/><\/a>\n\nAz els\u0151 csap\u00e1s a <strong>gabonahi\u00e1ny<\/strong> volt. A m\u00e1r mag\u00e1ntulajdonban l\u00e9v\u0151 gabonaipar vezet\u0151 c\u00e9gei minden gabon\u00e1t eladtak k\u00fclf\u00f6ldre, ami miatt az orsz\u00e1gban keny\u00e9rhi\u00e1ny \u00e1llt el\u0151. B\u00e1r a korm\u00e1ny exporttilalmat rendelt el, k\u00e9s\u0151 volt. A keny\u00e9r \u00e1ra drasztikusan felment, ami miatt mindenki a korm\u00e1nyt hib\u00e1ztatta.\n\nDe az igazi csap\u00e1s k\u00fclf\u00f6ldr\u0151l j\u00f6tt. A korm\u00e1ny befagyasztotta a kor\u00e1bbi korm\u00e1ny <strong>NATO-csatlakoz\u00e1si<\/strong> terveit, semlegess\u00e9gr\u0151l \u00e9s balk\u00e1ni sz\u00f6vets\u00e9gr\u0151l kezdett besz\u00e9lni. Majd a gazdas\u00e1gpolitik\u00e1ban is olyat mondott a korm\u00e1ny, amit nem kellett volna: azt mondta, hogy <strong>nem kell felt\u00e9tlen\u00fcl privatiz\u00e1lni<\/strong> a teljes \u00e1llami tulajdont. A nyugat v\u00e1lasza drasztikus lett: a nyugati bankok klubja nem volt hajland\u00f3 meg\u00e1llapodni a bolg\u00e1r k\u00fcls\u0151 \u00e1llamad\u00f3s\u00e1g \u00e1t\u00fctemez\u00e9s\u00e9r\u0151l, majd az ING Bank elkezdett a bolg\u00e1r leva ellen dolgozni. Az eredm\u00e9ny hamar meg is lett: 1995 elej\u00e9n, a korm\u00e1ny beiktat\u00e1sakor egy doll\u00e1r m\u00e9g 67 lev\u00e1t \u00e9rt, 1996 \u00e1prilis\u00e1ban m\u00e1r 100 lev\u00e1t, s innen beindult a m\u00e1sodik bolg\u00e1r hiperinfl\u00e1ci\u00f3 - augusztusban az \u00e1rfolyam 200 lett, novemberben 300, decemberben 500, a \u00a0korm\u00e1ny buk\u00e1sakor m\u00e1r 2400. (Ideiglenesen felment 3000-re is az \u00e1rfolyam 1997 janu\u00e1rj\u00e1ban.)\n\n1996 \u0151sz\u00e9n megindultak a t\u00f6megt\u00fcntet\u00e9sek eg\u00e9sz Bulg\u00e1ri\u00e1ban. Az alapjuk megvolt, hiszen az infl\u00e1ci\u00f3 miatt drasztikusan cs\u00f6kkent az egy\u00e9bk\u00e9nt is alacsony \u00e9letsz\u00ednvonal. Erre szervezett r\u00e1 t\u00f6bb, idegen \u00e9rdekeket k\u00e9pvisel\u0151 k\u00f6zpont, els\u0151sorban a Bulg\u00e1ri\u00e1ban is hiperakt\u00edv Soros Alap\u00edtv\u00e1ny. Magyar szemmel tal\u00e1n furcs\u00e1nak t\u0171nik, de Bulg\u00e1ri\u00e1ban<strong> Soros\u00e9k<\/strong> mindig a helyi \"baloldal\" ellen voltak, s az \u00e1ltaluk t\u00e1mogatott er\u0151k kiv\u00e9tel n\u00e9lk\u00fcl a helyi \"jobboldal\" emberei. Ennek oka: m\u00edg Magyarorsz\u00e1gon a \"baloldal\" az elk\u00f6telezetten <strong>nyugatp\u00e1rti \u00e9s liber\u00e1lis<\/strong> er\u0151, addig Bulg\u00e1ri\u00e1ban a \"jobboldal\" az.\n\nKb. az volt, mint Kijevben 3 \u00e9ve, csak Bulg\u00e1ri\u00e1ban nem l\u0151ttek egyik oldalr\u00f3l sem. De egy\u00e9bk\u00e9nt minden hasonl\u00f3 volt: vas\u00fatvonalak lez\u00e1r\u00e1sa, orsz\u00e1gutak lez\u00e1r\u00e1sa, a k\u00f6zleked\u00e9s megb\u00e9n\u00edt\u00e1sa, s\u00e1tort\u00e1bor a f\u0151v\u00e1ros k\u00f6zpontj\u00e1ban, k\u00f6zben s\u00edr\u00f3-r\u00edv\u00f3 \"civilek\", fiatalok h\u0151z\u00f6ng\u00e9se, feh\u00e9r zongora a j\u00e1rd\u00e1n, s az \u00f6sszes t\u00f6bbi marhas\u00e1g, mely kell\u00e9ke minden <strong>nyugatr\u00f3l szervezett<\/strong> \"sz\u00ednes forradalomnak\".\n\n<a href=\"http:\/\/bircahang.org\/wp-content\/uploads\/2017\/02\/1996.jpg\"><img class=\"aligncenter size-medium wp-image-13005\" src=\"http:\/\/bircahang.org\/wp-content\/uploads\/2017\/02\/1996-300x215.jpg\" alt=\"1996\" width=\"300\" height=\"215\" \/><\/a>\n\nTeh\u00e1t a bolg\u00e1r t\u0151ke, a nemzetk\u00f6zi bankvil\u00e1g, s a liber\u00e1lis agymos\u00f3 k\u00f6zpontok <strong>k\u00f6z\u00f6s er\u0151fesz\u00edt\u00e9ssel<\/strong> el\u00e9rt\u00e9k a korm\u00e1ny tot\u00e1lis b\u00e9nul\u00e1s\u00e1t. A szocialist\u00e1k el\u0151sz\u00f6r \u00faj korm\u00e1nyt akartak alak\u00edtani, de a nyugat nem b\u00edzott m\u00e1r benn\u00fck, \u00edgy v\u00e9g\u00fcl \u00e1tadt\u00e1k a hatalmat: \u00faj v\u00e1laszt\u00e1sok lettek ki\u00edrva, az \u00faj \"jobboldali\" eln\u00f6k ideiglenes korm\u00e1nyt nevezett ki, majd a v\u00e1laszt\u00e1sok ut\u00e1n hatalomra ker\u00fclt, ism\u00e9t \"jobboldali\" korm\u00e1ny imm\u00e1r v\u00e9glegesen elk\u00f6telezte az orsz\u00e1got a nyugat \u00e1ltal k\u00edv\u00e1nt \u00e9rt\u00e9krend mellett.\n\nMost febru\u00e1r 4-\u00e9n van a 20. \u00e9vfordul\u00f3ja annak a napnak, amikor ki lett nevezni az ideiglenes korm\u00e1ny 1997-ben, ezen a napon \u00e9rt v\u00e9gett Zsan Videnov minisztereln\u00f6k mand\u00e1tuma.\n\nArr\u00f3l jutott mindez eszembe, hogy a napokban megk\u00e9rdezt\u00e9k a volt bolg\u00e1r eln\u00f6k\u00f6t az akkori esem\u00e9nyekr\u0151l, s \u0151 teljesen ny\u00edltan \u00e9s \u0151szint\u00e9n kimondta az igazs\u00e1got. Az illet\u0151 nem tartozik a kedvenceim k\u00f6z\u00e9, de egyet el kell ismerni r\u00f3la: \u0151szinte. A k\u00e9rd\u00e9s az volt, helyes-e, ha a politikai elit <strong>nem abba az ir\u00e1nyba<\/strong> vezeti az orsz\u00e1got, melybe a lakoss\u00e1g t\u00f6bbs\u00e9ge akar haladni. A k\u00e9rd\u00e9s l\u00e9nyege: mi\u00e9rt kellett bel\u00e9pni a NATO-ba, amikor minden k\u00f6zv\u00e9lem\u00e9nykutat\u00e1s azt mutatta, a t\u00f6bbs\u00e9g ellenzi (ez\u00e9rt Bulg\u00e1ri\u00e1ban nem is volt n\u00e9pszavaz\u00e1s a NATO-csatlakoz\u00e1sr\u00f3l, a parlament d\u00f6nt\u00f6tte el), ill. mi\u00e9rt ism\u00e9telgeti a legt\u00f6bb politikus az <strong>euroatlanti \u00e9rt\u00e9kek<\/strong>et, mik\u00f6zben a lakoss\u00e1g nagy r\u00e9sze nem akarja ezeket. A volt k\u00f6zt\u00e1rsas\u00e1gi eln\u00f6k v\u00e1lasza: a t\u00f6bbs\u00e9g <strong>gyakran t\u00e9ved<\/strong>, egy kell lennie egy felel\u0151s, minden szempontot szem el\u0151tt tart\u00f3 politikusi r\u00e9tegnek, mely <strong>utat mutat<\/strong> \u00e9s v\u00e1llalja a felel\u0151ss\u00e9get <strong>a n\u00e9p helyett \u00e9s nev\u00e9ben<\/strong>. Azt hiszem, enn\u00e9l pontosabb megfogalmaz\u00e1s\u00e1t a liber\u00e1lis diktat\u00far\u00e1nak nehezen lehetne tal\u00e1lni! A demokr\u00e1cia csak addig \u00e9r, am\u00edg a n\u00e9p azt v\u00e1lasztja, amit a hatalmasok akarnak, de ha m\u00e1st d\u00f6ntenek, akkor helyette kell d\u00f6nteni.\n\nL\u00e1tjuk ezt manaps\u00e1g a Birodalom k\u00f6zpontj\u00e1ban is: a \"buta\" amerikaiak a \"fasiszta\" Trumpra szavaztak, teh\u00e1t szervezkedni kell ellene most minden eszk\u00f6zzel.\n\nAmi pedig Zsan Videnovot illeti, a tanuls\u00e1g az, hogy nem szabad fejjel menni a falnak, mert nem tudjuk azt \u00e1tt\u00f6rni, s a fal urai nyernek \u00a0a v\u00e9g\u00e9n. Lassan kell az ellens\u00e9get felem\u00e9szteni, tr\u00fckk\u00f6kkel, csal\u00e1ssal \u00e9s hintapolitik\u00e1val. Csak \u00edgy gy\u0151zhet\u0151k le.","type":"rich"}

20. évforduló Szófiában

Manapság Bulgáriában sok szó esik a 20 évvel ezelőtti eseményekről.<!--more-->

<strong>1995 januárjában</strong> Bulgáriában a választások után hatalomra került mint miniszterelnök az ex-kommunista szocialista párt balszárnyához tartozó <strong>Zsan Videnov</strong> (Bulgária legfiatalabb kormányfője, akkor 35 éves volt), A kormány keveset tett, ezt tagadni kár, gyakorlatilag a kormányt a saját pártjának belső ellenzéke bénította meg, az <strong>újgazdag</strong> oligarchákkal szövetségben (ez a gazdag réteg - ahogy más kelet-európai országokban - Bulgáriában is elsősorban és túlnyomóan a volt kommunista párthoz tartozó személyekből lett a rendszerváltozás után).

<a href="http://bircahang.org/wp-content/uploads/2017/02/zhv.jpg"><img class="alignright size-full wp-image-13006" src="http://bircahang.org/wp-content/uploads/2017/02/zhv.jpg" alt="zhv" width="623" height="380" /></a>

Az első csapás a <strong>gabonahiány</strong> volt. A már magántulajdonban lévő gabonaipar vezető cégei minden gabonát eladtak külföldre, ami miatt az országban kenyérhiány állt elő. Bár a kormány exporttilalmat rendelt el, késő volt. A kenyér ára drasztikusan felment, ami miatt mindenki a kormányt hibáztatta.

De az igazi csapás külföldről jött. A kormány befagyasztotta a korábbi kormány <strong>NATO-csatlakozási</strong> terveit, semlegességről és balkáni szövetségről kezdett beszélni. Majd a gazdaságpolitikában is olyat mondott a kormány, amit nem kellett volna: azt mondta, hogy <strong>nem kell feltétlenül privatizálni</strong> a teljes állami tulajdont. A nyugat válasza drasztikus lett: a nyugati bankok klubja nem volt hajlandó megállapodni a bolgár külső államadóság átütemezéséről, majd az ING Bank elkezdett a bolgár leva ellen dolgozni. Az eredmény hamar meg is lett: 1995 elején, a kormány beiktatásakor egy dollár még 67 levát ért, 1996 áprilisában már 100 levát, s innen beindult a második bolgár hiperinfláció - augusztusban az árfolyam 200 lett, novemberben 300, decemberben 500, a  kormány bukásakor már 2400. (Ideiglenesen felment 3000-re is az árfolyam 1997 januárjában.)

1996 őszén megindultak a tömegtüntetések egész Bulgáriában. Az alapjuk megvolt, hiszen az infláció miatt drasztikusan csökkent az egyébként is alacsony életszínvonal. Erre szervezett rá több, idegen érdekeket képviselő központ, elsősorban a Bulgáriában is hiperaktív Soros Alapítvány. Magyar szemmel talán furcsának tűnik, de Bulgáriában<strong> Sorosék</strong> mindig a helyi "baloldal" ellen voltak, s az általuk támogatott erők kivétel nélkül a helyi "jobboldal" emberei. Ennek oka: míg Magyarországon a "baloldal" az elkötelezetten <strong>nyugatpárti és liberális</strong> erő, addig Bulgáriában a "jobboldal" az.

Kb. az volt, mint Kijevben 3 éve, csak Bulgáriában nem lőttek egyik oldalról sem. De egyébként minden hasonló volt: vasútvonalak lezárása, országutak lezárása, a közlekedés megbénítása, sátortábor a főváros központjában, közben síró-rívó "civilek", fiatalok hőzöngése, fehér zongora a járdán, s az összes többi marhaság, mely kelléke minden <strong>nyugatról szervezett</strong> "színes forradalomnak".

<a href="http://bircahang.org/wp-content/uploads/2017/02/1996.jpg"><img class="aligncenter size-medium wp-image-13005" src="http://bircahang.org/wp-content/uploads/2017/02/1996-300x215.jpg" alt="1996" width="300" height="215" /></a>

Tehát a bolgár tőke, a nemzetközi bankvilág, s a liberális agymosó központok <strong>közös erőfeszítéssel</strong> elérték a kormány totális bénulását. A szocialisták először új kormányt akartak alakítani, de a nyugat nem bízott már bennük, így végül átadták a hatalmat: új választások lettek kiírva, az új "jobboldali" elnök ideiglenes kormányt nevezett ki, majd a választások után hatalomra került, ismét "jobboldali" kormány immár véglegesen elkötelezte az országot a nyugat által kívánt értékrend mellett.

Most február 4-én van a 20. évfordulója annak a napnak, amikor ki lett nevezni az ideiglenes kormány 1997-ben, ezen a napon ért végett Zsan Videnov miniszterelnök mandátuma.

Arról jutott mindez eszembe, hogy a napokban megkérdezték a volt bolgár elnököt az akkori eseményekről, s ő teljesen nyíltan és őszintén kimondta az igazságot. Az illető nem tartozik a kedvenceim közé, de egyet el kell ismerni róla: őszinte. A kérdés az volt, helyes-e, ha a politikai elit <strong>nem abba az irányba</strong> vezeti az országot, melybe a lakosság többsége akar haladni. A kérdés lényege: miért kellett belépni a NATO-ba, amikor minden közvéleménykutatás azt mutatta, a többség ellenzi (ezért Bulgáriában nem is volt népszavazás a NATO-csatlakozásról, a parlament döntötte el), ill. miért ismételgeti a legtöbb politikus az <strong>euroatlanti értékek</strong>et, miközben a lakosság nagy része nem akarja ezeket. A volt köztársasági elnök válasza: a többség <strong>gyakran téved</strong>, egy kell lennie egy felelős, minden szempontot szem előtt tartó politikusi rétegnek, mely <strong>utat mutat</strong> és vállalja a felelősséget <strong>a nép helyett és nevében</strong>. Azt hiszem, ennél pontosabb megfogalmazását a liberális diktatúrának nehezen lehetne találni! A demokrácia csak addig ér, amíg a nép azt választja, amit a hatalmasok akarnak, de ha mást döntenek, akkor helyette kell dönteni.

Látjuk ezt manapság a Birodalom központjában is: a "buta" amerikaiak a "fasiszta" Trumpra szavaztak, tehát szervezkedni kell ellene most minden eszközzel.

Ami pedig Zsan Videnovot illeti, a tanulság az, hogy nem szabad fejjel menni a falnak, mert nem tudjuk azt áttörni, s a fal urai nyernek  a végén. Lassan kell az ellenséget felemészteni, trükkökkel, csalással és hintapolitikával. Csak így győzhetők le.
