{"version":"1.0","provider_name":"BircaHang","provider_url":"https:\/\/maxval.cafeblog.hu","author_name":"maxval bircaman","author_url":"https:\/\/maxval.cafeblog.hu\/author\/maxval1967gmail-com\/","title":"Acz\u00e9l Endre","html":"Az eddigi adatok Acz\u00e9l igazs\u00e1g\u00e1t sejtetik.<!--more-->\nLe a kalappal Acz\u00e9l el\u0151tt, hogy a tot\u00e1lis m\u00e9diaterror ellen\u00e9re ki mert \u00e1llni <strong>ny\u00edlt sisakkal<\/strong>.\n\nB\u00e1r Acz\u00e9l politikailag ballib, azaz <strong>nem<\/strong> az \u00e9n eszm\u00e9imet osztja, el kell r\u00f3la mondani: mindigis a <strong>gondolkoz\u00f3 ballibek<\/strong> k\u00f6z\u00e9 tartozott, aki a saj\u00e1t v\u00e9lem\u00e9ny\u00e9t mondta, s nem a ballib agytr\u00f6szt \u00e9ppen aktu\u00e1lis \u00e1ll\u00e1spontj\u00e1t papag\u00e1jkodta.\n\n\u00cdme egy p\u00e9lda: az <strong>emberi hiteless\u00e9g<\/strong> fontosabb, mint a politikai v\u00e9lem\u00e9ny tartalma.\n\n<strong>El a kezekkel Acz\u00e9lt\u0151l!<\/strong>","type":"rich"}

Aczél Endre

Az eddigi adatok Aczél igazságát sejtetik.<!--more-->
Le a kalappal Aczél előtt, hogy a totális médiaterror ellenére ki mert állni <strong>nyílt sisakkal</strong>.

Bár Aczél politikailag ballib, azaz <strong>nem</strong> az én eszméimet osztja, el kell róla mondani: mindigis a <strong>gondolkozó ballibek</strong> közé tartozott, aki a saját véleményét mondta, s nem a ballib agytröszt éppen aktuális álláspontját papagájkodta.

Íme egy példa: az <strong>emberi hitelesség</strong> fontosabb, mint a politikai vélemény tartalma.

<strong>El a kezekkel Aczéltől!</strong>
