{"version":"1.0","provider_name":"BircaHang","provider_url":"https:\/\/maxval.cafeblog.hu","author_name":"maxval bircaman","author_url":"https:\/\/maxval.cafeblog.hu\/author\/maxval1967gmail-com\/","title":"Kert\u00e9sz Imre","html":"Sosem \u00e9rtettem, <strong>mi\u00e9rt kellett<\/strong> ezt az embert ut\u00e1lni.<!--more-->\n\nAzt hiszem, a mag\u00e1t jobboldalnak nevez\u0151 magyar politikai \u00e1ramlat f\u0151 hib\u00e1ja az <strong>etnocentrizmus<\/strong>, err\u0151l m\u00e1r \u00edrtam m\u00e1skor is. S a hagyom\u00e1nyos magyar nacionalizmus <strong>hagyom\u00e1nyos antiszemita eleme<\/strong> egy teljesen \u00e9rtelmetlen, m\u00e1ra er\u0151sen kontraprodukt\u00edvv\u00e1 v\u00e1lt jelens\u00e9g. S b\u00e1r az ut\u00f3bbi 2 \u00e9vben \u00e9rzem az antiszemitizmus cs\u00f6kken\u00e9s\u00e9t olyan magyarokn\u00e1l, akikn\u00e9l ez alapt\u00e9ma volt kor\u00e1bban, a jelens\u00e9g m\u00e9g ma is t\u00fal er\u0151s.\n\nKert\u00e9sz <strong>egyetlen k\u00f6nyv\u00e9t se olvastam<\/strong> Nobel-d\u00edja el\u0151tt, csak a Nobel-d\u00edja k\u00e9sztetett arra, hogy kezembe vegyem \u00edr\u00e1sait. S azonnal pozit\u00edv meglepet\u00e9st okozott sz\u00e1momra. Elfogultan azt hittem, a Sorstalans\u00e1g valamif\u00e9le sz\u00e1zadik, r\u00e9gesr\u00e9g megunt, d\u00f6gunalmas zsid\u00f3 holokauszt-jajjgat\u00e1s lesz, amib\u0151l az ember ma m\u00e1r \u00f6szt\u00f6n\u00f6sen elalszik. S nem, a k\u00f6nyvr\u0151l 10 oldal ut\u00e1n r\u00e1d\u00f6bbentem: nem, ez nem az, ez t\u00e9nyleg \u00e9rt\u00e9kes, s \u00e1ltal\u00e1nosan fontos \u00edr\u00e1s.\n\nHa van valaki, aki zsid\u00f3k\u00e9nt felsz\u00f3lalt a <strong>holokausztkultusz<\/strong> ellen, az pont Kert\u00e9sz. S ha van valaki, aki nem \u00e1ll ki a zsid\u00f3 holokauszt b\u00e1nt\u00f3an rasszista egyedis\u00e9gtana mellett, az is pont Kert\u00e9sz.\n\nKert\u00e9sz gondolkod\u00f3 ember volt, ut\u00e1lta az igazs\u00e1gtalans\u00e1got \u00e9s a demag\u00f3gi\u00e1t, s k\u00e9pes volt saj\u00e1t mag\u00e1t is fel\u00fclb\u00edr\u00e1lni. Ez ut\u00f3bbi az oka annak, hogy utols\u00f3 \u00e9veiben a ballib agytr\u00f6sz m\u00e1r <strong>er\u0151sen fanyalogva<\/strong> emlegette Kert\u00e9sz nev\u00e9t. A ballibek Kert\u00e9sze ma m\u00e1r nem az Imre, hanem az \u00c1kos nev\u0171 szerencs\u00e9tlen v\u00e9gl\u00e9nyke...\n\nAz meg, hogy amolyan Szentmih\u00e1lyi Szab\u00f3 P\u00e9ter - nyugodjon persze \u0151 is b\u00e9k\u00e9ben - f\u00e9le tehets\u00e9gtelen \u0151sbunk\u00f3k gyal\u00e1zt\u00e1k Kert\u00e9szt teljesen l\u00e9nyegtelen k\u00e9rd\u00e9s.","type":"rich"}

Kertész Imre

Sosem értettem, <strong>miért kellett</strong> ezt az embert utálni.<!--more-->

Azt hiszem, a magát jobboldalnak nevező magyar politikai áramlat fő hibája az <strong>etnocentrizmus</strong>, erről már írtam máskor is. S a hagyományos magyar nacionalizmus <strong>hagyományos antiszemita eleme</strong> egy teljesen értelmetlen, mára erősen kontraproduktívvá vált jelenség. S bár az utóbbi 2 évben érzem az antiszemitizmus csökkenését olyan magyaroknál, akiknél ez alaptéma volt korábban, a jelenség még ma is túl erős.

Kertész <strong>egyetlen könyvét se olvastam</strong> Nobel-díja előtt, csak a Nobel-díja késztetett arra, hogy kezembe vegyem írásait. S azonnal pozitív meglepetést okozott számomra. Elfogultan azt hittem, a Sorstalanság valamiféle századik, régesrég megunt, dögunalmas zsidó holokauszt-jajjgatás lesz, amiből az ember ma már ösztönösen elalszik. S nem, a könyvről 10 oldal után rádöbbentem: nem, ez nem az, ez tényleg értékes, s általánosan fontos írás.

Ha van valaki, aki zsidóként felszólalt a <strong>holokausztkultusz</strong> ellen, az pont Kertész. S ha van valaki, aki nem áll ki a zsidó holokauszt bántóan rasszista egyediségtana mellett, az is pont Kertész.

Kertész gondolkodó ember volt, utálta az igazságtalanságot és a demagógiát, s képes volt saját magát is felülbírálni. Ez utóbbi az oka annak, hogy utolsó éveiben a ballib agytrösz már <strong>erősen fanyalogva</strong> emlegette Kertész nevét. A ballibek Kertésze ma már nem az Imre, hanem az Ákos nevű szerencsétlen véglényke...

Az meg, hogy amolyan Szentmihályi Szabó Péter - nyugodjon persze ő is békében - féle tehetségtelen ősbunkók gyalázták Kertészt teljesen lényegtelen kérdés.
