{"version":"1.0","provider_name":"BircaHang","provider_url":"https:\/\/maxval.cafeblog.hu","author_name":"maxval bircaman","author_url":"https:\/\/maxval.cafeblog.hu\/author\/maxval1967gmail-com\/","title":"Pofon","html":"Hatalmas gy\u0151zelmet aratott a g\u00f6r\u00f6g n\u00e9p.<!--more-->\n\n60 % k\u00f6r\u00fcli eredm\u00e9nnyel csattan\u00f3s pofont kevert le a g\u00f6r\u00f6g n\u00e9p a nemzetk\u00f6zi h\u00e1tt\u00e9rhatalomnak, az \u00fajgyarmatos\u00edt\u00f3knak, a br\u00fcsszeli oligarch\u00e1knak, s a kizs\u00e1km\u00e1nyol\u00f3knak.\n\nA magyar ballib\u00e1k inez\u00edven g\u00e1golva fogadj\u00e1k a h\u00edreket, s tollaikat t\u00e9pve, magukb\u00f3l kivetk\u0151zve tombolnak. Az \u0151r\u00fcletbe kergeti \u0151ket az a t\u00e9ny, hogy igenis lehets\u00e9ges ellen\u00e1llni annak, amit \u0151k megd\u00f6nthetetlen term\u00e9szeti t\u00e9nynek mondanak. A magyar ballib\u00e1kak k\u00fcl\u00f6nosen az f\u00e1j, hogy a g\u00f6r\u00f6g esem\u00e9nyek v\u00e9gleg elveszik minden es\u00e9ly\u00fcket att\u00f3l, hogy ism\u00e9t korm\u00e1nyra ker\u00fcljenek.\n\n<a href=\"http:\/\/bircahang.org\/wp-content\/uploads\/2015\/07\/grre.jpg\"><img class=\"alignnone size-full wp-image-9620\" src=\"http:\/\/bircahang.org\/wp-content\/uploads\/2015\/07\/grre.jpg\" alt=\"grre\" width=\"620\" height=\"377\" \/><\/a>","type":"rich"}

Hatalmas győzelmet aratott a görög nép.<!--more-->

60 % körüli eredménnyel csattanós pofont kevert le a görög nép a nemzetközi háttérhatalomnak, az újgyarmatosítóknak, a brüsszeli oligarcháknak, s a kizsákmányolóknak.

A magyar ballibák inezíven gágolva fogadják a híreket, s tollaikat tépve, magukból kivetkőzve tombolnak. Az őrületbe kergeti őket az a tény, hogy igenis lehetséges ellenállni annak, amit ők megdönthetetlen természeti ténynek mondanak. A magyar ballibákak különosen az fáj, hogy a görög események végleg elveszik minden esélyüket attól, hogy ismét kormányra kerüljenek.

<a href="http://bircahang.org/wp-content/uploads/2015/07/grre.jpg"><img class="alignnone size-full wp-image-9620" src="http://bircahang.org/wp-content/uploads/2015/07/grre.jpg" alt="grre" width="620" height="377" /></a>
